{"id":42,"date":"2014-02-17T14:18:05","date_gmt":"2014-02-17T14:18:05","guid":{"rendered":"http:\/\/demo.themegrill.com\/radiate\/?page_id=42"},"modified":"2026-04-27T20:31:36","modified_gmt":"2026-04-27T18:31:36","slug":"yoga-institut","status":"publish","type":"page","link":"https:\/\/yoga-nbg.de\/?page_id=42","title":{"rendered":"Aktuelles"},"content":{"rendered":"\n<p class=\"has-text-align-center has-white-color has-text-color has-background\" style=\"background-color:#8a4679;font-size:26px\"><strong>Beitrag f\u00fcr das Jahr 2026<\/strong><\/p>\n\n\n\n<p class=\"has-text-color\" style=\"color:#8a4679;font-size:25px\"><strong>Liebe Yoga-Interessierte,<\/strong><\/p>\n\n\n\n<p class=\"has-text-color\" style=\"color:#8a4679;font-size:25px\"><strong>zum Beitrag f\u00fcr das Jahr 2026 bitte den folgenden Link anklicken:<\/strong> <a href=\"https:\/\/yoga-nbg.de\/?page_id=753\" data-type=\"page\" data-id=\"581\"><strong><em>Beitr\u00e4ge<\/em><\/strong><\/a><\/p>\n\n\n\n<p class=\"has-text-align-center has-white-color has-text-color has-background\" style=\"background-color:#8a4679;font-size:26px\"><strong>Yoga in der Natur<\/strong><\/p>\n\n\n\n<p class=\"has-text-color\" style=\"color:#8a4679;font-size:25px\"><strong>Yoga in der Natur<\/strong> <strong>mit Elke Meyer, G\u00fcnter Schumacher und Stefan Strom<\/strong><\/p>\n\n\n\n<p class=\"has-text-color\" style=\"color:#8a4679;font-size:25px\"><strong>am Sonntag, 17.05.2026, 10.00 Uhr bis 12.00 Uhr, Treffen um 09.45 Uhr (Marienbergpark)<\/strong><\/p>\n\n\n\n<p class=\"has-black-color has-text-color\">\u201eYoga in der Natur\u201c findet seine Fortsetzung am <strong>Sonntag, 17.05.2026<\/strong>. N\u00e4here Informationen zu dieser &#8222;Seminar-Reihe&#8220; im Freien sind unter dem folgenden Link abrufbar: <a href=\"https:\/\/yoga-nbg.de\/?page_id=581\"><strong>Natur-Yoga-Seminar<\/strong><\/a>.<\/p>\n\n\n\n<p class=\"has-text-align-center has-white-color has-text-color has-background\" style=\"background-color:#8a4679;font-size:26px\"><strong>Laufende Yoga-Kurse<\/strong><\/p>\n\n\n\n<p class=\"has-text-color\" style=\"color:#8a4679;font-size:25px\"><strong>Achtsamer Yoga-Kurs &#8211; Verbindung zum &#8222;Klassischen Yoga&#8220; mit Elke Meyer und Stefan Strom am Montag, 04.05.2026, 17.30 Uhr bis 18.30 Uhr<\/strong><\/p>\n\n\n\n<p class=\"has-black-color has-text-color\">Der <a href=\"https:\/\/yoga-nbg.de\/?page_id=581\" data-type=\"page\" data-id=\"581\"><mark style=\"background-color:rgba(0, 0, 0, 0);color:#8a4679\" class=\"has-inline-color\"><strong>Kursabend mit Elke Meyer und Stefan Strom<\/strong><\/mark> <\/a>(achtsame Yoga-\u00dcbungen in Verbindung zum <a href=\"https:\/\/yoga-nbg.de\/?page_id=462\" data-type=\"page\" data-id=\"462\"><strong>&#8222;Klassischen Yoga&#8220;<\/strong><\/a>) findet seine Fortsetzung am Montag, 04.05.2026, in der Zeit von <strong>17.30 Uhr bis 18.30 Uhr<\/strong>; <strong>Ort: <\/strong>Gemeindesaal Gustav-Adolf-Ged\u00e4chtniskirche, Allersberger Str. 116\/Annastra\u00dfe, 90461 N\u00fcrnberg. (N\u00e4here Informationen und Termine unter <a href=\"https:\/\/yoga-nbg.de\/?page_id=581\"><strong>Kurs- und Seminarangebote<\/strong><\/a>.)<\/p>\n\n\n\n<p class=\"has-text-color\" style=\"color:#8a4679;font-size:25px\"><strong>S\u016btra-Abend<\/strong> <strong>mit Irmhild Degen und Stefan Strom am Montag, 11.05.2026, 17.30 Uhr bis 19.00 Uhr<\/strong><\/p>\n\n\n\n<p class=\"has-black-color has-text-color\">Am Montag, 11.05.2026, findet der n\u00e4chste <a href=\"https:\/\/yoga-nbg.de\/?page_id=581\" data-type=\"page\" data-id=\"581\"><strong><mark style=\"background-color:rgba(0, 0, 0, 0);color:#8a4679\" class=\"has-inline-color\">S\u016btra-Abend mit Irmhild Degen und Stefan Strom<\/mark><\/strong><\/a> in der Zeit von <strong>17.30 Uhr bis 19.00 Uhr <\/strong>statt; <strong>Ort: <\/strong>Gemeindesaal Gustav-Adolf-Ged\u00e4chtniskirche, Allersberger Str. 116\/Annastra\u00dfe, 90461 N\u00fcrnberg. (N\u00e4here Informationen und Termine unter <a href=\"https:\/\/yoga-nbg.de\/?page_id=581\"><strong>Kurs- und Seminarangebote<\/strong><\/a>.)<\/p>\n\n\n\n<p class=\"has-text-color\" style=\"color:#8a4679;font-size:25px\"><strong>Atem-Kurs <strong>(pr\u0101\u1e47\u0101y\u0101ma<\/strong>) mit G\u00fcnter Schumacher: Freitag, 22.05.<\/strong><strong>2026<\/strong><strong>, 19.30 Uhr bis 21.00 Uhr<\/strong><\/p>\n\n\n\n<p class=\"has-black-color has-text-color\">Der<strong> <a href=\"https:\/\/yoga-nbg.de\/?page_id=753\">Atem begleitet uns ein Leben lang;<\/a><\/strong> er ist sozusagen immer da \u2013 auch wenn wir ihn gerade nicht wahrnehmen. Mit dem Atem nehmen wir <strong>pr\u0101\u1e47\u0101<\/strong> \u2013 Lebensenergie \u2013 auf: Er gibt uns Lebenskraft. In diesem auf dem klassischen Yoga gegr\u00fcndetem Kurs steht speziell der Atem im Mittelpunkt.<\/p>\n\n\n\n<p class=\"has-black-color has-text-color\">Die n\u00e4chste einzeln besuchbare Kursstunde zum <mark style=\"background-color:rgba(0, 0, 0, 0);color:#8a4679\" class=\"has-inline-color\"><a href=\"https:\/\/yoga-nbg.de\/?page_id=581\" data-type=\"page\" data-id=\"581\"><strong>Atem-Kurs (pr\u0101\u1e47\u0101y\u0101ma) mit G\u00fcnter Schumacher<\/strong><\/a> <\/mark>findet statt am Freitag, 22.05.2026, von <strong>19.30 Uhr bis 21.00 Uhr<\/strong>; <strong>Ort: <\/strong>R\u00e4umlichkeiten im Yogastudio &#8222;8bar.yoga&#8220;, Glockenhofstra\u00dfe 22, 90478 N\u00fcrnberg. (N\u00e4here Informationen und Termine unter <a href=\"https:\/\/yoga-nbg.de\/?page_id=581\"><strong>Kurs- und Seminarangebote<\/strong><\/a>.)<\/p>\n\n\n\n<p class=\"has-text-color\" style=\"color:#8a4679;font-size:25px\"><strong>Yoga-Fortsetzungskurs von Elfi und G\u00fcnter Heinze: Donnerstag, Jahr 2026, 18.30 Uhr bis 20.00 Uhr<\/strong><\/p>\n\n\n\n<p class=\"has-black-color has-text-color\">Der <a href=\"https:\/\/yoga-nbg.de\/?page_id=581\" data-type=\"page\" data-id=\"581\"><mark style=\"background-color:rgba(0, 0, 0, 0);color:#8a4679\" class=\"has-inline-color\"><strong>Kursabend von Elfi und G\u00fcnter Heinze<\/strong><\/mark> <\/a>(Suchfrage nach Ramana Maharshi: \u201eWer bin ich?\u201c) findet im Jahr 2026 statt; <strong>Beginn: 18.30 Uhr<\/strong> (<strong>bis 20.00 Uhr<\/strong>); <strong>Ort:<\/strong> Gemeindesaal Gustav-Adolf-Ged\u00e4chtniskirche, Allersberger Str. 116\/Annastra\u00dfe, 90461 N\u00fcrnberg. (N\u00e4here Informationen und Termine unter <a href=\"https:\/\/yoga-nbg.de\/?page_id=581\"><strong>Kurs- und Seminarangebote<\/strong><\/a>.)<\/p>\n\n\n\n<p><\/p>\n","protected":false},"excerpt":{"rendered":"<p>Yoga-Kurs mit Elke Meyer und Stefan Strom: Montag, 04.05.2026 (17.30\u201318.30 Uhr, Gemeindesaal Gustav-Adolf-Ged\u00e4chtniskirche, Allersberger Str. 116)<\/p>\n<p>S\u016btra-Abend mit Irmhild Degen und Stefan Strom: Montag, 11.05.2026 (17.30\u201319.00 Uhr, Gemeindesaal Gustav-Adolf-Ged\u00e4chtniskirche, Allersberger Str. 116)<\/p>\n<p>Yoga in der Natur am Sonntag, 17.05.2026 (10.00-12.00 Uhr, Treffen um 09.45 Uhr, Marienbergpark)<\/p>\n<p>Atem-Kurs (pr\u0101\u1e47\u0101y\u0101ma) mit G\u00fcnter Schumacher: Freitag, 22.05.2026 (19.30\u201321.00 Uhr, Ort: &#8222;8bar.yoga&#8220; in der Glockenhofstr. 22)<\/p>\n","protected":false},"author":1,"featured_media":1785,"parent":0,"menu_order":0,"comment_status":"closed","ping_status":"closed","template":"","meta":{"footnotes":""},"class_list":["post-42","page","type-page","status-publish","has-post-thumbnail","hentry"],"_links":{"self":[{"href":"https:\/\/yoga-nbg.de\/index.php?rest_route=\/wp\/v2\/pages\/42","targetHints":{"allow":["GET"]}}],"collection":[{"href":"https:\/\/yoga-nbg.de\/index.php?rest_route=\/wp\/v2\/pages"}],"about":[{"href":"https:\/\/yoga-nbg.de\/index.php?rest_route=\/wp\/v2\/types\/page"}],"author":[{"embeddable":true,"href":"https:\/\/yoga-nbg.de\/index.php?rest_route=\/wp\/v2\/users\/1"}],"replies":[{"embeddable":true,"href":"https:\/\/yoga-nbg.de\/index.php?rest_route=%2Fwp%2Fv2%2Fcomments&post=42"}],"version-history":[{"count":252,"href":"https:\/\/yoga-nbg.de\/index.php?rest_route=\/wp\/v2\/pages\/42\/revisions"}],"predecessor-version":[{"id":2874,"href":"https:\/\/yoga-nbg.de\/index.php?rest_route=\/wp\/v2\/pages\/42\/revisions\/2874"}],"wp:featuredmedia":[{"embeddable":true,"href":"https:\/\/yoga-nbg.de\/index.php?rest_route=\/wp\/v2\/media\/1785"}],"wp:attachment":[{"href":"https:\/\/yoga-nbg.de\/index.php?rest_route=%2Fwp%2Fv2%2Fmedia&parent=42"}],"curies":[{"name":"wp","href":"https:\/\/api.w.org\/{rel}","templated":true}]}}

<p class="has-text-align-center has-white-color has-text-color has-background" style="background-color:#8a4679;font-size:26px"><strong>Beitrag für das Jahr 2026</strong></p>



<p class="has-text-color" style="color:#8a4679;font-size:25px"><strong>Liebe Yoga-Interessierte,</strong></p>



<p class="has-text-color" style="color:#8a4679;font-size:25px"><strong>zum Beitrag für das Jahr 2026 bitte den folgenden Link anklicken:</strong> <a href="https://yoga-nbg.de/?page_id=753" data-type="page" data-id="581"><strong><em>Beiträge</em></strong></a></p>



<p class="has-text-align-center has-white-color has-text-color has-background" style="background-color:#8a4679;font-size:26px"><strong>Yoga in der Natur</strong></p>



<p class="has-text-color" style="color:#8a4679;font-size:25px"><strong>Yoga in der Natur</strong> <strong>mit Elke Meyer, Günter Schumacher und Stefan Strom</strong></p>



<p class="has-text-color" style="color:#8a4679;font-size:25px"><strong>am Sonntag, 17.05.2026, 10.00 Uhr bis 12.00 Uhr, Treffen um 09.45 Uhr (Marienbergpark)</strong></p>



<p class="has-black-color has-text-color">„Yoga in der Natur“ findet seine Fortsetzung am <strong>Sonntag, 17.05.2026</strong>. Nähere Informationen zu dieser &#8222;Seminar-Reihe&#8220; im Freien sind unter dem folgenden Link abrufbar: <a href="https://yoga-nbg.de/?page_id=581"><strong>Natur-Yoga-Seminar</strong></a>.</p>



<p class="has-text-align-center has-white-color has-text-color has-background" style="background-color:#8a4679;font-size:26px"><strong>Laufende Yoga-Kurse</strong></p>



<p class="has-text-color" style="color:#8a4679;font-size:25px"><strong>Achtsamer Yoga-Kurs &#8211; Verbindung zum &#8222;Klassischen Yoga&#8220; mit Elke Meyer und Stefan Strom am Montag, 04.05.2026, 17.30 Uhr bis 18.30 Uhr</strong></p>



<p class="has-black-color has-text-color">Der <a href="https://yoga-nbg.de/?page_id=581" data-type="page" data-id="581"><mark style="background-color:rgba(0, 0, 0, 0);color:#8a4679" class="has-inline-color"><strong>Kursabend mit Elke Meyer und Stefan Strom</strong></mark> </a>(achtsame Yoga-Übungen in Verbindung zum <a href="https://yoga-nbg.de/?page_id=462" data-type="page" data-id="462"><strong>&#8222;Klassischen Yoga&#8220;</strong></a>) findet seine Fortsetzung am Montag, 04.05.2026, in der Zeit von <strong>17.30 Uhr bis 18.30 Uhr</strong>; <strong>Ort: </strong>Gemeindesaal Gustav-Adolf-Gedächtniskirche, Allersberger Str. 116/Annastraße, 90461 Nürnberg. (Nähere Informationen und Termine unter <a href="https://yoga-nbg.de/?page_id=581"><strong>Kurs- und Seminarangebote</strong></a>.)</p>



<p class="has-text-color" style="color:#8a4679;font-size:25px"><strong>Sūtra-Abend</strong> <strong>mit Irmhild Degen und Stefan Strom am Montag, 11.05.2026, 17.30 Uhr bis 19.00 Uhr</strong></p>



<p class="has-black-color has-text-color">Am Montag, 11.05.2026, findet der nächste <a href="https://yoga-nbg.de/?page_id=581" data-type="page" data-id="581"><strong><mark style="background-color:rgba(0, 0, 0, 0);color:#8a4679" class="has-inline-color">Sūtra-Abend mit Irmhild Degen und Stefan Strom</mark></strong></a> in der Zeit von <strong>17.30 Uhr bis 19.00 Uhr </strong>statt; <strong>Ort: </strong>Gemeindesaal Gustav-Adolf-Gedächtniskirche, Allersberger Str. 116/Annastraße, 90461 Nürnberg. (Nähere Informationen und Termine unter <a href="https://yoga-nbg.de/?page_id=581"><strong>Kurs- und Seminarangebote</strong></a>.)</p>



<p class="has-text-color" style="color:#8a4679;font-size:25px"><strong>Atem-Kurs <strong>(prāṇāyāma</strong>) mit Günter Schumacher: Freitag, 22.05.</strong><strong>2026</strong><strong>, 19.30 Uhr bis 21.00 Uhr</strong></p>



<p class="has-black-color has-text-color">Der<strong> <a href="https://yoga-nbg.de/?page_id=753">Atem begleitet uns ein Leben lang;</a></strong> er ist sozusagen immer da – auch wenn wir ihn gerade nicht wahrnehmen. Mit dem Atem nehmen wir <strong>prāṇā</strong> – Lebensenergie – auf: Er gibt uns Lebenskraft. In diesem auf dem klassischen Yoga gegründetem Kurs steht speziell der Atem im Mittelpunkt.</p>



<p class="has-black-color has-text-color">Die nächste einzeln besuchbare Kursstunde zum <mark style="background-color:rgba(0, 0, 0, 0);color:#8a4679" class="has-inline-color"><a href="https://yoga-nbg.de/?page_id=581" data-type="page" data-id="581"><strong>Atem-Kurs (prāṇāyāma) mit Günter Schumacher</strong></a> </mark>findet statt am Freitag, 22.05.2026, von <strong>19.30 Uhr bis 21.00 Uhr</strong>; <strong>Ort: </strong>Räumlichkeiten im Yogastudio &#8222;8bar.yoga&#8220;, Glockenhofstraße 22, 90478 Nürnberg. (Nähere Informationen und Termine unter <a href="https://yoga-nbg.de/?page_id=581"><strong>Kurs- und Seminarangebote</strong></a>.)</p>



<p class="has-text-color" style="color:#8a4679;font-size:25px"><strong>Yoga-Fortsetzungskurs von Elfi und Günter Heinze: Donnerstag, Jahr 2026, 18.30 Uhr bis 20.00 Uhr</strong></p>



<p class="has-black-color has-text-color">Der <a href="https://yoga-nbg.de/?page_id=581" data-type="page" data-id="581"><mark style="background-color:rgba(0, 0, 0, 0);color:#8a4679" class="has-inline-color"><strong>Kursabend von Elfi und Günter Heinze</strong></mark> </a>(Suchfrage nach Ramana Maharshi: „Wer bin ich?“) findet im Jahr 2026 statt; <strong>Beginn: 18.30 Uhr</strong> (<strong>bis 20.00 Uhr</strong>); <strong>Ort:</strong> Gemeindesaal Gustav-Adolf-Gedächtniskirche, Allersberger Str. 116/Annastraße, 90461 Nürnberg. (Nähere Informationen und Termine unter <a href="https://yoga-nbg.de/?page_id=581"><strong>Kurs- und Seminarangebote</strong></a>.)</p>



<p></p>

<p>Yoga-Kurs mit Elke Meyer und Stefan Strom: Montag, 04.05.2026 (17.30–18.30 Uhr, Gemeindesaal Gustav-Adolf-Gedächtniskirche, Allersberger Str. 116)</p>
<p>Sūtra-Abend mit Irmhild Degen und Stefan Strom: Montag, 11.05.2026 (17.30–19.00 Uhr, Gemeindesaal Gustav-Adolf-Gedächtniskirche, Allersberger Str. 116)</p>
<p>Yoga in der Natur am Sonntag, 17.05.2026 (10.00-12.00 Uhr, Treffen um 09.45 Uhr, Marienbergpark)</p>
<p>Atem-Kurs (prāṇāyāma) mit Günter Schumacher: Freitag, 22.05.2026 (19.30–21.00 Uhr, Ort: &#8222;8bar.yoga&#8220; in der Glockenhofstr. 22)</p>
