{"id":581,"date":"2021-11-02T20:16:26","date_gmt":"2021-11-02T20:16:26","guid":{"rendered":"https:\/\/yoga-nbg.de\/?page_id=581"},"modified":"2026-04-13T20:32:24","modified_gmt":"2026-04-13T18:32:24","slug":"kurs-und-seminarangebote","status":"publish","type":"page","link":"https:\/\/yoga-nbg.de\/?page_id=581","title":{"rendered":"Kurs- und Seminarangebote"},"content":{"rendered":"\n<p class=\"has-black-color has-text-color has-medium-font-size\">Bitte \u00fcberweisen Sie die <strong>Kurs-\/Seminargeb\u00fchren<\/strong> unter Angabe des Kursnamens auf das folgende <strong>Konto<\/strong>: <br><strong>Postbank IBAN DE51760100850407925852<\/strong><\/p>\n\n\n\n<p class=\"has-black-color has-text-color has-medium-font-size\">(Mit \u00dcberweisung der Kurs-\/Seminargeb\u00fchr wird die Anmeldung verbindlich.)  <\/p>\n\n\n\n<p class=\"has-background\" style=\"background-color:#8a4679\"><\/p>\n\n\n<div class=\"wp-block-image\">\n<figure class=\"alignright size-large is-resized\"><img loading=\"lazy\" decoding=\"async\" width=\"922\" height=\"1024\" src=\"https:\/\/yoga-nbg.de\/wp-content\/uploads\/2021\/12\/Dr.-Christian-Schmidt-Foto-fuer-YIN-922x1024.jpg\" alt=\"\" class=\"wp-image-970\" style=\"width:154px;height:171px\"\/><figcaption class=\"wp-element-caption\">Dr. Christian Schmidt<\/figcaption><\/figure>\n<\/div>\n\n\n<p class=\"has-text-color\" style=\"color:#8a4679;font-size:25px\"><strong>S\u016btra-Abend mit Dr. Christian Schmidt<\/strong> <\/p>\n\n\n\n<p class=\"has-text-align-left has-black-color has-text-color\">Der Leitfaden f\u00fcr Yoga-\u00dcbende und Yoga-Lehrende ist das Yoga-S\u016btra von Pata\u00f1jali. Jeder Abend befasst sich mit einem Sutra, das am Sutra-Abend des Vormonats gelesen und mit einer \u00dcbung verbunden wurde. Die Teilnehmenden tauschen sich \u2013 nach einer Einf\u00fchrung durch den Kursleiter \u2013 \u00fcber das Sutra und ihre \u00dcbungserfahrungen aus. Dies hilft, die eigene Yoga-Praxis zu vertiefen und die \u00dcbungs-Akzente richtig \u2013 d. h. nicht zuletzt individuell \u2013 zu setzen.<\/p>\n\n\n\n<p class=\"has-text-align-left has-black-color has-text-color\"><strong>Informationen:<\/strong> bitte per Mail an info@yoga-nbg.de<\/p>\n\n\n\n<p class=\"has-text-align-left has-black-color has-text-color\"><strong>Kursname:<\/strong> Sutra-Abend mit Dr. Christian Schmidt<\/p>\n\n\n\n<p class=\"has-background\" style=\"background-color:#8a4679\"><\/p>\n\n\n<div class=\"wp-block-image\">\n<figure class=\"alignright size-large is-resized\"><img loading=\"lazy\" decoding=\"async\" width=\"1024\" height=\"1020\" src=\"https:\/\/yoga-nbg.de\/wp-content\/uploads\/2023\/10\/Profilbild-Elke-1024x1020.jpg\" alt=\"\" class=\"wp-image-1850\" style=\"aspect-ratio:0.9157894736842105;width:165px;height:auto\" srcset=\"https:\/\/yoga-nbg.de\/wp-content\/uploads\/2023\/10\/Profilbild-Elke-1024x1020.jpg 1024w, https:\/\/yoga-nbg.de\/wp-content\/uploads\/2023\/10\/Profilbild-Elke-300x300.jpg 300w, https:\/\/yoga-nbg.de\/wp-content\/uploads\/2023\/10\/Profilbild-Elke-150x150.jpg 150w, https:\/\/yoga-nbg.de\/wp-content\/uploads\/2023\/10\/Profilbild-Elke-768x765.jpg 768w, https:\/\/yoga-nbg.de\/wp-content\/uploads\/2023\/10\/Profilbild-Elke.jpg 1073w\" sizes=\"auto, (max-width: 1024px) 100vw, 1024px\" \/><figcaption class=\"wp-element-caption\">Elke Meyer<\/figcaption><\/figure>\n<\/div>\n\n\n<p class=\"has-text-color\" style=\"color:#8a4679;font-size:25px\"><strong>Montag, 17.30 Uhr bis 18.30 Uhr<\/strong><\/p>\n\n\n\n<p class=\"has-text-color\" style=\"color:#8a4679;font-size:25px\"><strong>Achtsamer Yoga-Kurs  \u2013 Verbindung zum <\/strong><a href=\"https:\/\/yoga-nbg.de\/?page_id=462\" data-type=\"page\" data-id=\"462\"><strong>\u201eKlassischen Yoga<\/strong>\u201c<\/a><\/p>\n\n\n\n<p class=\"has-text-color\" style=\"color:#8a4679;font-size:25px\"><strong>Elke Meyer und Stefan Strom<\/strong><\/p>\n\n\n\n<p class=\"has-black-color has-text-color\">Wir \u00fcben im Rahmen der eigenen M\u00f6glichkeiten im Einklang von K\u00f6rper, Atem und Geist: St\u00e4rkung des k\u00f6rperlichen und geistigen Wohlbefindens; praktische Tipps und yogische Anleitungen f\u00fcr den Alltag.<\/p>\n\n\n\n<p class=\"has-black-color has-text-color\"><strong>Termine 2026 (Kurs I\/2026: 10 Termine):<\/strong> 26.01. (Ausfall: Schnee), 02.02. (Streik: kostenfreies Zusatz-Angebot), d. h. Beginn am 09.02., 23.02., 02.03., 09.03., 16.03., 30.03., 13.04., 27.04.2026; &#8222;Nachholstunden&#8220;: 04.05., 18.05.2026<\/p>\n\n\n\n<p class=\"has-black-color has-text-color\"><strong>Termine 2026 (Kurs II\/2026: 7 Termine):<\/strong> 01.06., 08.06., 15.06., 29.06., 06.07., 13.07., 27.07.2026<\/p>\n\n\n\n<p class=\"has-black-color has-text-color\"><strong>Kosten (Kurs II\/2026: 7 Termine):<\/strong> Mitglieder 77,- \u20ac, Nicht-Mitglieder 91,- \u20ac<\/p>\n\n\n\n<p class=\"has-black-color has-text-color\"><strong>Kursname:<\/strong> Yoga-Happyness II\/2026 (Sommer)<\/p>\n\n\n\n<p class=\"has-black-color has-text-color\"><strong>Anmeldung: <\/strong>bitte per Mail an info@yoga-nbg.de<\/p>\n\n\n\n<p class=\"has-black-color has-text-color\"><strong>Ort: <\/strong>Gemeindesaal Gustav-Adolf-Ged\u00e4chtniskirche, Allersberger Str. 116\/Annastra\u00dfe, 90461 N\u00fcrnberg<\/p>\n\n\n\n<p class=\"has-background\" style=\"background-color:#8a4679\"><\/p>\n\n\n<div class=\"wp-block-image\">\n<figure class=\"alignright size-full is-resized\"><img loading=\"lazy\" decoding=\"async\" width=\"119\" height=\"184\" src=\"https:\/\/yoga-nbg.de\/wp-content\/uploads\/2021\/10\/Bild-Stefan.png\" alt=\"\" class=\"wp-image-382\" style=\"width:113px;height:auto\"\/><figcaption class=\"wp-element-caption\">Stefan Strom<\/figcaption><\/figure>\n<\/div>\n\n\n<p class=\"has-text-color\" style=\"color:#8a4679;font-size:25px\"><strong>Montag, 17.30 Uhr bis 19.00 Uhr<\/strong><\/p>\n\n\n\n<p class=\"has-text-color\" style=\"color:#8a4679;font-size:25px\"><strong>Meditationsabend mit Stefan Strom<\/strong>  <\/p>\n\n\n\n<p class=\"has-text-align-left has-black-color has-text-color\">\u201eWenn die Gedanken zur Ruhe gekommen sind, erscheint das Selbst in seiner wahren Natur\u201c, schreibt Pata\u00f1jali. Der Meditationsabend soll ein \u00dcbungsangebot sein, bei dem unser Geist zur Ruhe kommen kann und tiefere Erfahrungen m\u00f6glich sind. Geeignete R\u00e4ume und das Sitzen in der Gruppe erzeugen ein \u201egeistiges Feld\u201c, das unterst\u00fctzend wirkt. An diesem Abend sitzen wir gemeinsam in drei Meditationseinheiten zu jeweils etwa 20 Minuten. Dazwischen werden Yoga-\u00dcbungen durchgef\u00fchrt, die das Sitzen erleichtern und die Sammlung f\u00f6rdern. Teilnehmen kann jeder, der einen YIN Basiskurs besucht oder eine vergleichbare Yoga-Grundlage hat. R\u00fccksprache mit dem \u00dcbungsleiter des Abends ist jedoch erforderlich, wenn jemand in psychotherapeutischer Behandlung steht oder unter Depressionen leidet.<\/p>\n\n\n\n<p class=\"has-text-align-left has-black-color has-text-color\"><strong>Termine 2025:<\/strong> 20.01., 17.02., 17.03., 14.04., 19.05., 23.06., 21.07., 15.09., 20.10., 17.11., 15.12.2025<\/p>\n\n\n\n<p class=\"has-text-align-left has-black-color has-text-color\"><strong>Kosten:<\/strong> Mitglieder kostenfrei, Nicht-Mitglieder 13,- \u20ac pro Abend <\/p>\n\n\n\n<p class=\"has-text-align-left has-black-color has-text-color\"><strong>Anmeldung<\/strong> (bzw. Nachfragen): bitte per Mail an info@yoga-nbg.de<\/p>\n\n\n\n<p class=\"has-text-align-left has-black-color has-text-color\"><strong>Kursname:<\/strong> Meditation<\/p>\n\n\n\n<p class=\"has-text-align-left has-black-color has-text-color\"><strong>Ort: <\/strong>Gemeindesaal Gustav-Adolf-Ged\u00e4chtniskirche, Allersberger Str. 116\/Annastra\u00dfe, 90461 N\u00fcrnberg<\/p>\n\n\n\n<p class=\"has-background\" style=\"background-color:#8a4679\"><\/p>\n\n\n\n<p class=\"has-text-color\" style=\"color:#8a4679;font-size:25px\"><strong>Donnerstag, 18.30 Uhr bis 20.00 Uhr<\/strong><\/p>\n\n\n\n<p class=\"has-text-color\" style=\"color:#8a4679;font-size:25px\"><strong>Yoga-Kurs mit Elfi und G\u00fcnter Heinze<\/strong><\/p>\n\n\n\n<p class=\"has-text-align-left has-black-color has-text-color has-medium-font-size\"><strong>Dieser Fortsetzungskurs stellt die Frage: \u201eWer bin ich?\u201c<\/strong><\/p>\n\n\n\n<p class=\"has-text-align-left has-black-color has-text-color\">Ramana Maharshi, der wohl bedeutendste Weise der Neuzeit, hat uns mit seiner Suchfrage \u201eWer bin ich?\u201c den direktesten Weg ins Herz der Wirklichkeit geschenkt. Dieser Kurs wendet sich an jene, die ihre Aufmerksamkeit dem wahren \u201eIch\u201c und nicht dem \u201eIch\u201c-Gedanken (besser bekannt als Ego) widmen und dabei den Pfad der geistigen Schulung gehen m\u00f6chten. In diesem Kurs befassen wir uns mit der Frage, wie wir diese Haltung im Alltag umsetzen k\u00f6nnen, um weniger ich-bezogen zu handeln. Diesbez\u00fcgliches erfahren wir auch aus spirituellen Schriften; zudem leiten uns \u0101sanas, pr\u0101\u1e47\u0101y\u0101mas und Mantras in die Stille.<\/p>\n\n\n\n<p class=\"has-text-align-left has-black-color has-text-color\">Information: Eine Teilnahme kann lediglich nach R\u00fccksprache mit Elfi Heinze erfolgen; auch bei evtl. Fragen wenden Sie sich bitte an Elfi Heinze (Tel. 0911\/35 93 76).<\/p>\n\n\n\n<p class=\"has-black-color has-text-color\"><strong>Termine 2025:<\/strong> 20.03., 27.03., 03.04., (10.04.), 24.04., 08.05., 15.05., 22.05., 05.06., 26.06.2025<\/p>\n\n\n\n<p class=\"has-black-color has-text-color\"><strong>Kosten:<\/strong> Mitglieder 88,- \u20ac, Nicht-Mitglieder 104,- \u20ac<\/p>\n\n\n\n<p class=\"has-black-color has-text-color\"><strong>Anmeldung:<\/strong> bitte per Mail an elheinze@arcor.de<\/p>\n\n\n\n<p class=\"has-black-color has-text-color\"><strong>Kursname:<\/strong> Wer bin ich?<\/p>\n\n\n\n<p class=\"has-black-color has-text-color\"><strong>Ort: <\/strong>Gemeindehaus, Raum 2 (I. Stock), Evang.-luth. Christuskirche N\u00fcrnberg-Steinb\u00fchl, Siemensplatz 2, 90443 N\u00fcrnberg<\/p>\n\n\n\n<p class=\"has-background\" style=\"background-color:#8a4679\"><\/p>\n\n\n<div class=\"wp-block-image\">\n<figure class=\"alignright size-full is-resized\"><img loading=\"lazy\" decoding=\"async\" width=\"99\" height=\"150\" src=\"https:\/\/yoga-nbg.de\/wp-content\/uploads\/2021\/10\/i_degen-1.jpg\" alt=\"\" class=\"wp-image-283\" style=\"width:141px;height:214px\"\/><figcaption class=\"wp-element-caption\">Irmhild Degen<\/figcaption><\/figure>\n<\/div>\n\n\n<p class=\"has-text-color\" style=\"color:#8a4679;font-size:25px\"><strong>Sonntag, 18.00 Uhr bis 20.00 Uhr<\/strong><\/p>\n\n\n\n<p class=\"has-text-color\" style=\"color:#8a4679;font-size:25px\"><strong>Yoga-Meditation am Sonntagabend<\/strong><\/p>\n\n\n\n<p><\/p>\n\n\n\n<p class=\"has-black-color has-text-color\">Das Thema der Meditationsabende dreht sich rund um die verschiedenen Formen der Meditationspraxis und ihrer Ziele. Nat\u00fcrlich geht es dabei auch um die Wirkungen des Sitzens in der Stille und wie wir damit unser Leben bereichern k\u00f6nnen, aber auch, worauf wir achten sollten.<\/p>\n\n\n\n<p class=\"has-black-color has-text-color\">Wir beginnen mit einer sanften, in die Stille f\u00fchrenden Yogapraxis, mit \u0100sana und Pr\u0101\u1e47\u0101y\u0101ma. In einer kurzen Reflexion steigen wir tiefer in ein Thema ein; in der Gruppe habt Ihr dann die M\u00f6glichkeit, Euch in gegenseitiger Wertsch\u00e4tzung \u00fcber Eure Erfahrungen auszutauschen. So ergibt sich nach und nach ein tieferes Verst\u00e4ndnis der Yoga-Praxis nach Pata\u00f1jali, auf die ich in kurzen Theorieeinheiten eingehen werde. Wir beschlie\u00dfen den Abend mit einer angeleiteten Meditation.<\/p>\n\n\n\n<p class=\"has-black-color has-text-color\"><strong>Kursleitung:<\/strong>&nbsp;Irmhild Degen, Yogalehrerin BDY\/EYU<\/p>\n\n\n\n<p class=\"has-black-color has-text-color\"><strong>Termine 2025:<\/strong> 02.02., 02.03., 06.04., 18.05., 15.06.2025 <\/p>\n\n\n\n<p class=\"has-black-color has-text-color\"><strong>Termine 2025 (Fortsetzung):<\/strong> 05.10., 09.11., 14.12.2025<\/p>\n\n\n\n<p class=\"has-black-color has-text-color\"><strong>Wer:<\/strong> Fortgeschrittene Yoga-\u00dcbende, Yoga-Lehrer\/-innen, Menschen mit Meditationserfahrung<\/p>\n\n\n\n<p class=\"has-black-color has-text-color\"><strong>Kursgeb\u00fchr:<\/strong> Mitglieder 18,- \u20ac pro Sonntagabend, Nicht-Mitglieder 20,- \u20ac pro Sonntagabend<\/p>\n\n\n\n<p class=\"has-black-color has-text-color\"><strong>Anmeldung <\/strong>(bzw. Nachfragen): bitte per Mail an irmhild.degen@web.de<\/p>\n\n\n\n<p class=\"has-black-color has-text-color\"><strong>Kursname:<\/strong> Irmhild Degen<\/p>\n\n\n\n<p class=\"has-black-color has-text-color\"><strong>Ort: <\/strong>Yogaschule Nordbayern, M\u00fcllnerstra\u00dfe 24, 90429 N\u00fcrnberg (<strong>bitte beachten:<\/strong> der Eingang zur Yogaschule Nordbayern befindet sich in der Denisstr. 2)<\/p>\n\n\n\n<p class=\"has-background\" style=\"background-color:#8a4679\"><\/p>\n\n\n<div class=\"wp-block-image\">\n<figure class=\"alignright size-full is-resized\"><img loading=\"lazy\" decoding=\"async\" width=\"150\" height=\"150\" src=\"https:\/\/yoga-nbg.de\/wp-content\/uploads\/2021\/10\/GS-150x150-1.jpg\" alt=\"\" class=\"wp-image-280\" style=\"width:142px;height:142px\"\/><figcaption class=\"wp-element-caption\">G\u00fcnter Schumacher<\/figcaption><\/figure>\n<\/div>\n\n\n<p class=\"has-text-color\" style=\"color:#8a4679;font-size:25px\"><strong>Freitag, 19.30 Uhr bis 21.00 Uhr<\/strong><\/p>\n\n\n\n<p class=\"has-text-color\" style=\"color:#8a4679;font-size:25px\"><strong>Atem-Kurs (pr\u0101\u1e47\u0101y\u0101ma) mit G\u00fcnter Schumacher<\/strong> <\/p>\n\n\n\n<p class=\"has-black-color has-text-color has-medium-font-size\"><strong>Den Atem bewusst erleben, Entdeckungsreise zur eigenen St\u00e4rke<\/strong><\/p>\n\n\n\n<p class=\"has-black-color has-text-color\"><strong>pr\u0101\u1e47\u0101y\u0101ma<\/strong>: Der Atem begleitet uns ein Leben lang; er ist sozusagen immer da \u2013 auch wenn wir ihn gerade nicht wahrnehmen. Mit dem Atem nehmen wir <strong>pr\u0101\u1e47\u0101<\/strong> \u2013 Lebensenergie \u2013 auf:<br>Er gibt uns Lebenskraft. In diesem auf dem <strong>klassischen Yoga <\/strong>gegr\u00fcndeten Kurs steht speziell der Atem im Mittelpunkt. Wir beginnen mit einfachen K\u00f6rper\u00fcbungen, bei denen uns der Atem durch die Bewegung f\u00fchrt. Anschlie\u00dfend nehmen wir die Atmung in das Zentrum unserer Aufmerksamkeit und atmen sanft und achtsam ein und aus. Hier gehen wir von der einfachen Atembeobachtung aus und bewegen uns schrittweise hin zu einer angenehmen und vollst\u00e4ndigen Atmung. In der Medizin sind die Auswirkungen auf die Gesundheit wohlbekannt. Physiologische und psychische Funktionen eines Menschen stehen in direktem Zusammenhang mit einer ruhigen, flie\u00dfenden Atmung.<\/p>\n\n\n\n<p class=\"has-black-color has-text-color\">Bitte sprechen Sie telefonisch vorher mit dem Kursleiter G\u00fcnter Schumacher (Tel. 0911 \/ 36 59 573) oder senden Sie eine Mail zur Kl\u00e4rung der Teilnahme an: schumgen@googlemail.com<\/p>\n\n\n\n<p class=\"has-black-color has-text-color\"><strong>Termine 2026: <\/strong>30.01., 27.02., 20.03., 24.04., 22.05.2026<\/p>\n\n\n\n<p class=\"has-black-color has-text-color\"><strong>Kosten:<\/strong> Mitglieder 11,- \u20ac pro Abend, Nicht-Mitglieder 13,- \u20ac pro Abend<\/p>\n\n\n\n<p class=\"has-black-color has-text-color\"><strong>Anmeldung <\/strong>(bzw. Nachfragen): bitte per Mail an schumgen@googlemail.com<\/p>\n\n\n\n<p class=\"has-black-color has-text-color\"><strong>Kursname:<\/strong> G\u00fcnter Schumacher<\/p>\n\n\n\n<p class=\"has-black-color has-text-color\"><strong>Ort: <\/strong>R\u00e4umlichkeiten im Yogastudio &#8222;8bar.yoga&#8220;, Glockenhofstra\u00dfe 22, 90478 N\u00fcrnberg<\/p>\n\n\n\n<p class=\"has-background\" style=\"background-color:#8a4679\"><\/p>\n\n\n<div class=\"wp-block-image\">\n<figure class=\"alignright size-full is-resized\"><img loading=\"lazy\" decoding=\"async\" width=\"119\" height=\"184\" src=\"https:\/\/yoga-nbg.de\/wp-content\/uploads\/2021\/10\/Bild-Stefan.png\" alt=\"\" class=\"wp-image-382\" style=\"width:113px;height:auto\"\/><figcaption class=\"wp-element-caption\">Stefan Strom<\/figcaption><\/figure>\n<\/div>\n\n\n<p class=\"has-text-color\" style=\"color:#8a4679;font-size:25px\"><strong>Montag, 17.30 Uhr bis 18.30 Uhr<\/strong><\/p>\n\n\n\n<p class=\"has-text-color\" style=\"color:#8a4679;font-size:25px\"><strong>Yoga-Kurs: Der \u201eKlassische Yoga-Weg\u201c (Einf\u00fchrung) mit Stefan Strom<\/strong><\/p>\n\n\n\n<p class=\"has-black-color has-text-color\">Alle Kurse des Yoga Instituts N\u00fcrnberg e. V. basieren auf dem sog. \u201eKlassischen Yoga\u201c nach dem Leitfaden des Pata\u00f1jali (Yoga-S\u016btra). Dieser Yoga-\u00dcbungsweg kann uns helfen zu entspannen, Energie aufzubauen, Bewusstheit zu f\u00f6rdern, \u00fcber blockierende Muster hinauszuwachsen, neue Sichtweisen einzunehmen und spirituelle Einblicke zu gewinnen bzw. zu erfahren. Dieser Kurs ist eine Einf\u00fchrung in den klassischen Yoga mit angeleiteten K\u00f6rper- und Atem\u00fcbungen (\u0101sana\/pr\u0101\u1e47\u0101y\u0101ma), in dem wir K\u00f6rper und Geist auch auf das Sitzen in der Stille vorbereiten (meditative Erfahrung). Alle k\u00f6rperlichen Yoga\u00fcbungen werden achtsam in Verbindung mit dem Atem ge\u00fcbt.<\/p>\n\n\n\n<p class=\"has-black-color has-text-color has-link-color wp-elements-56bd1dc6a7100bfc33692c6c6672e874\">Um auf intensivere Begegnungen mit Hauptquellen im klassischen Yoga vorzubereiten, werden in diesem Yoga-Kurs zur Orientierung theoretische Grundlagen sowie klassische Textausschnitte praxisorientiert behandelt. Abschlie\u00dfend ist Zeit f\u00fcr einen entspannten Ausklang und f\u00fcr Fragen. Dieser Kurs ist f\u00fcr Menschen mit und ohne Yoga-\/Meditationserfahrung geeignet.<\/p>\n\n\n\n<p class=\"has-black-color has-text-color\"><strong>Termine 2026: <\/strong>N. N.<\/p>\n\n\n\n<p class=\"has-black-color has-text-color\"><strong>Kosten:<\/strong> Mitglieder 110,- \u20ac, Nicht-Mitglieder 130,- \u20ac<\/p>\n\n\n\n<p class=\"has-text-align-left has-black-color has-text-color\"><strong>Anmeldung:<\/strong> (bzw. Nachfragen) bitte per Mail an info@yoga-nbg.de <\/p>\n\n\n\n<p class=\"has-black-color has-text-color\"><strong>Kursname:<\/strong> Klassischer Yoga (Einf\u00fchrung)<\/p>\n\n\n\n<p class=\"has-black-color has-text-color\"><strong>Ort: <\/strong>Gemeindehaus, Raum 2 (I. Stock), Evang.-luth. Christuskirche N\u00fcrnberg-Steinb\u00fchl, Siemensplatz 2, 90443 N\u00fcrnberg<\/p>\n\n\n\n<p class=\"has-background\" style=\"background-color:#8a4679\"><\/p>\n\n\n\n<p class=\"has-text-align-center has-text-color\" style=\"color:#8a4679;font-size:25px\"><strong>\u201eYoga in der Natur\u201c<\/strong>:<\/p>\n\n\n\n<p class=\"has-text-align-center has-text-color\" style=\"color:#8a4679;font-size:25px\"><strong>Sonntag, 17.05.2026,<\/strong><\/p>\n\n\n\n<p class=\"has-text-align-center has-text-color\" style=\"color:#8a4679;font-size:25px\"><strong>von 10.00 Uhr bis 12.00 Uhr<\/strong> (Treffen um 09.45 Uhr)<\/p>\n\n\n\n<p class=\"has-text-align-center has-text-color\" style=\"color:#8a4679;font-size:25px\"><strong>mit Elke Meyer, G\u00fcnter Schumacher und Stefan Strom<\/strong><\/p>\n\n\n\n<p class=\"has-black-color has-text-color\">Wir \u201edrei\u201c m\u00f6chten mit euch regelm\u00e4\u00dfig im Marienbergpark achtsam \u00fcben (<strong>\u0101sana<\/strong>), gehen (<strong>Bewegungsmeditation<\/strong>) und atmen (<strong>pr\u0101\u1e47\u0101y\u0101ma<\/strong>) sowie Impulse und Ideen zu ausgew\u00e4hlten Yoga-Themen geben.<\/p>\n\n\n\n<p class=\"has-black-color has-text-color\"><strong>Termine: <\/strong>17.05., 19.07., 27.09.2026<\/p>\n\n\n\n<p class=\"has-black-color has-text-color\"><strong>Uhrzeit: <\/strong>Treffen um 09.45 Uhr; Dauer: 10.00 Uhr bis 12.00 Uhr<\/p>\n\n\n\n<p class=\"has-black-color has-text-color\"><strong>Ort: <\/strong>Marienbergpark<\/p>\n\n\n\n<p class=\"has-black-color has-text-color\"><strong>Treffpunkt:<\/strong> Parkplatz Braillestra\u00dfe, noris inklusion gGmbH (Natur-Erlebnis-G\u00e4rtnerei)<\/p>\n\n\n\n<p class=\"has-black-color has-text-color\"><strong>Bitte mitbringen: <\/strong>Unterlage (z. B. Yogamatte, altes Handtuch), Getr\u00e4nk<\/p>\n\n\n\n<p class=\"has-black-color has-text-color\"><strong>Kosten:<\/strong> Mitglieder 12,- \u20ac pro Termin, Nicht-Mitglieder 15,- \u20ac pro Termin<\/p>\n\n\n\n<p class=\"has-black-color has-text-color\"><strong>Anmeldung <\/strong>(bzw. Nachfragen): bitte per Mail an info@yoga-nbg.de<\/p>\n\n\n\n<p class=\"has-background\" style=\"background-color:#8a4679\"><\/p>\n","protected":false},"excerpt":{"rendered":"<p>Test<\/p>\n","protected":false},"author":1,"featured_media":0,"parent":0,"menu_order":0,"comment_status":"closed","ping_status":"closed","template":"","meta":{"footnotes":""},"class_list":["post-581","page","type-page","status-publish","hentry"],"_links":{"self":[{"href":"https:\/\/yoga-nbg.de\/index.php?rest_route=\/wp\/v2\/pages\/581","targetHints":{"allow":["GET"]}}],"collection":[{"href":"https:\/\/yoga-nbg.de\/index.php?rest_route=\/wp\/v2\/pages"}],"about":[{"href":"https:\/\/yoga-nbg.de\/index.php?rest_route=\/wp\/v2\/types\/page"}],"author":[{"embeddable":true,"href":"https:\/\/yoga-nbg.de\/index.php?rest_route=\/wp\/v2\/users\/1"}],"replies":[{"embeddable":true,"href":"https:\/\/yoga-nbg.de\/index.php?rest_route=%2Fwp%2Fv2%2Fcomments&post=581"}],"version-history":[{"count":58,"href":"https:\/\/yoga-nbg.de\/index.php?rest_route=\/wp\/v2\/pages\/581\/revisions"}],"predecessor-version":[{"id":2835,"href":"https:\/\/yoga-nbg.de\/index.php?rest_route=\/wp\/v2\/pages\/581\/revisions\/2835"}],"wp:attachment":[{"href":"https:\/\/yoga-nbg.de\/index.php?rest_route=%2Fwp%2Fv2%2Fmedia&parent=581"}],"curies":[{"name":"wp","href":"https:\/\/api.w.org\/{rel}","templated":true}]}}